{"id":8276,"date":"2013-07-31T18:42:29","date_gmt":"2013-07-31T16:42:29","guid":{"rendered":"http:\/\/www.historacing.de\/wp\/?page_id=14"},"modified":"2017-11-01T09:54:55","modified_gmt":"2017-11-01T08:54:55","slug":"impressum","status":"publish","type":"page","link":"http:\/\/www.eel-fotografie.de\/wp2\/impressum\/","title":{"rendered":"Impressum"},"content":{"rendered":"<h2><img decoding=\"async\" class=\"alignright size-full\" src=\"http:\/\/www.eel-fotografie.de\/wp2\/wp-content\/uploads\/impressum.jpg\" alt=\"impressum\">eel-fotografie<\/h2>\n<p style=\"text-align: justify;\">fotografie-bildagentur<\/p>\n<p style=\"text-align: justify;\">Inhaltlich Verantwortlicher<br \/>\ngem\u00e4\u00df \u00a7 5 TMG und \u00a7 55 RStV:<\/p>\n<p style=\"text-align: justify;\">Eberhard Krieger<br \/>\nBrandenburger Str.12<br \/>\n65824 Schwalbach<\/p>\n<p style=\"text-align: justify;\">St.IdNr. 046 839 04639<\/p>\n<p style=\"text-align: justify;\">mail: info(at)eel-fotografie.de<br \/>\nmobil: +491629350079<\/p>\n<h2 style=\"text-align: justify;\">Konzept \/ Realisierung<\/h2>\n<p style=\"text-align: justify;\">eel-fotografie<\/p>\n<h2 style=\"text-align: justify;\">Copyrights<\/h2>\n<p style=\"text-align: justify;\">Alle Inhalte und Fotos dieser Internetseite unterliegen dem Urheberrecht. Die Rechte liegen beim Fotografen und\/oder der Personen, welche auf den Fotos abgebildet sind. Eine Vervielf\u00e4ltigung, Reproduktion oder Widergabe der Inhalte der auf diesen Seiten Ver\u00f6ffentlichten Fotos ist nur mit ausdr\u00fccklicher Genehmigung des Seitenbetreibers gestattet. Zuwiderhandlungen werden anwaltlich verfolgt.<\/p>\n<h2 style=\"text-align: justify;\">Haftungshinweis<\/h2>\n<p style=\"text-align: justify;\">Trotz sorgf\u00e4ltiger Inhaltlicher Kontrolle, \u00fcbernimmt <strong>eel-fotografie<\/strong> keine Haftung f\u00fcr die Inhalte externer Links. F\u00fcr Inhalte externer Links sind ausschlie\u00dflich deren Betreiber verantwortlich.<\/p>\n","protected":false},"excerpt":{"rendered":"<p>eel-fotografie fotografie-bildagentur Inhaltlich Verantwortlicher gem\u00e4\u00df \u00a7 5 TMG und \u00a7 55 RStV: Eberhard Krieger Brandenburger Str.12 65824 Schwalbach St.IdNr. 046 839 04639 mail: info(at)eel-fotografie.de mobil: +491629350079 Konzept \/ Realisierung eel-fotografie Copyrights Alle Inhalte und Fotos dieser Internetseite unterliegen dem Urheberrecht. Die Rechte liegen beim Fotografen und\/oder der Personen, welche auf den Fotos abgebildet sind. Eine [&hellip;]<\/p>\n","protected":false},"author":1,"featured_media":0,"parent":0,"menu_order":0,"comment_status":"closed","ping_status":"closed","template":"","meta":{"_genesis_hide_title":false,"_genesis_hide_breadcrumbs":false,"_genesis_hide_singular_image":false,"_genesis_hide_footer_widgets":false,"_genesis_custom_body_class":"","_genesis_custom_post_class":"","_genesis_layout":"","ngg_post_thumbnail":0,"footnotes":""},"class_list":{"0":"post-8276","1":"page","2":"type-page","3":"status-publish","5":"entry"},"yoast_head":"<!-- This site is optimized with the Yoast SEO plugin v26.5 - https:\/\/yoast.com\/wordpress\/plugins\/seo\/ -->\n<title>Impressum - eel-fotografie | fotografie - bildagentur<\/title>\n<meta name=\"description\" content=\"Impressum, Inhaltliche Verantwortung f\u00fcr eel-fotografie | bildagentur\" \/>\n<meta name=\"robots\" content=\"index, follow, max-snippet:-1, max-image-preview:large, max-video-preview:-1\" \/>\n<link rel=\"canonical\" href=\"http:\/\/www.eel-fotografie.de\/wp2\/impressum\/\" \/>\n<meta name=\"twitter:label1\" content=\"Gesch\u00e4tzte Lesezeit\" \/>\n\t<meta name=\"twitter:data1\" content=\"1\u00a0Minute\" \/>\n<script type=\"application\/ld+json\" class=\"yoast-schema-graph\">{\"@context\":\"https:\/\/schema.org\",\"@graph\":[{\"@type\":\"WebPage\",\"@id\":\"http:\/\/www.eel-fotografie.de\/wp2\/impressum\/\",\"url\":\"http:\/\/www.eel-fotografie.de\/wp2\/impressum\/\",\"name\":\"Impressum - eel-fotografie | fotografie - bildagentur\",\"isPartOf\":{\"@id\":\"https:\/\/www.eel-fotografie.de\/wp2\/#website\"},\"primaryImageOfPage\":{\"@id\":\"http:\/\/www.eel-fotografie.de\/wp2\/impressum\/#primaryimage\"},\"image\":{\"@id\":\"http:\/\/www.eel-fotografie.de\/wp2\/impressum\/#primaryimage\"},\"thumbnailUrl\":\"http:\/\/www.eel-fotografie.de\/wp2\/wp-content\/uploads\/impressum.jpg\",\"datePublished\":\"2013-07-31T16:42:29+00:00\",\"dateModified\":\"2017-11-01T08:54:55+00:00\",\"description\":\"Impressum, Inhaltliche Verantwortung f\u00fcr eel-fotografie | bildagentur\",\"breadcrumb\":{\"@id\":\"http:\/\/www.eel-fotografie.de\/wp2\/impressum\/#breadcrumb\"},\"inLanguage\":\"de\",\"potentialAction\":[{\"@type\":\"ReadAction\",\"target\":[\"http:\/\/www.eel-fotografie.de\/wp2\/impressum\/\"]}]},{\"@type\":\"ImageObject\",\"inLanguage\":\"de\",\"@id\":\"http:\/\/www.eel-fotografie.de\/wp2\/impressum\/#primaryimage\",\"url\":\"http:\/\/www.eel-fotografie.de\/wp2\/wp-content\/uploads\/impressum.jpg\",\"contentUrl\":\"http:\/\/www.eel-fotografie.de\/wp2\/wp-content\/uploads\/impressum.jpg\",\"width\":263,\"height\":451,\"caption\":\"eel-fotografie|fotografie - bildagentur\"},{\"@type\":\"BreadcrumbList\",\"@id\":\"http:\/\/www.eel-fotografie.de\/wp2\/impressum\/#breadcrumb\",\"itemListElement\":[{\"@type\":\"ListItem\",\"position\":1,\"name\":\"Home\",\"item\":\"https:\/\/www.eel-fotografie.de\/wp2\/\"},{\"@type\":\"ListItem\",\"position\":2,\"name\":\"Impressum\"}]},{\"@type\":\"WebSite\",\"@id\":\"https:\/\/www.eel-fotografie.de\/wp2\/#website\",\"url\":\"https:\/\/www.eel-fotografie.de\/wp2\/\",\"name\":\"eel-fotografie\",\"description\":\"fotografie - bildagentur\",\"publisher\":{\"@id\":\"https:\/\/www.eel-fotografie.de\/wp2\/#organization\"},\"potentialAction\":[{\"@type\":\"SearchAction\",\"target\":{\"@type\":\"EntryPoint\",\"urlTemplate\":\"https:\/\/www.eel-fotografie.de\/wp2\/?s={search_term_string}\"},\"query-input\":{\"@type\":\"PropertyValueSpecification\",\"valueRequired\":true,\"valueName\":\"search_term_string\"}}],\"inLanguage\":\"de\"},{\"@type\":\"Organization\",\"@id\":\"https:\/\/www.eel-fotografie.de\/wp2\/#organization\",\"name\":\"eel-fotografie | fotografie - bildagentur\",\"url\":\"https:\/\/www.eel-fotografie.de\/wp2\/\",\"logo\":{\"@type\":\"ImageObject\",\"inLanguage\":\"de\",\"@id\":\"https:\/\/www.eel-fotografie.de\/wp2\/#\/schema\/logo\/image\/\",\"url\":\"http:\/\/www.eel-fotografie.de\/wp2\/wp-content\/uploads\/eel-fotografie_logo_2_500x250.png\",\"contentUrl\":\"http:\/\/www.eel-fotografie.de\/wp2\/wp-content\/uploads\/eel-fotografie_logo_2_500x250.png\",\"width\":500,\"height\":254,\"caption\":\"eel-fotografie | fotografie - bildagentur\"},\"image\":{\"@id\":\"https:\/\/www.eel-fotografie.de\/wp2\/#\/schema\/logo\/image\/\"},\"sameAs\":[\"https:\/\/www.instagram.com\/eelfotografie\/\"]}]}<\/script>\n<!-- \/ Yoast SEO plugin. -->","yoast_head_json":{"title":"Impressum - eel-fotografie | fotografie - bildagentur","description":"Impressum, Inhaltliche Verantwortung f\u00fcr eel-fotografie | bildagentur","robots":{"index":"index","follow":"follow","max-snippet":"max-snippet:-1","max-image-preview":"max-image-preview:large","max-video-preview":"max-video-preview:-1"},"canonical":"http:\/\/www.eel-fotografie.de\/wp2\/impressum\/","twitter_misc":{"Gesch\u00e4tzte Lesezeit":"1\u00a0Minute"},"schema":{"@context":"https:\/\/schema.org","@graph":[{"@type":"WebPage","@id":"http:\/\/www.eel-fotografie.de\/wp2\/impressum\/","url":"http:\/\/www.eel-fotografie.de\/wp2\/impressum\/","name":"Impressum - eel-fotografie | fotografie - bildagentur","isPartOf":{"@id":"https:\/\/www.eel-fotografie.de\/wp2\/#website"},"primaryImageOfPage":{"@id":"http:\/\/www.eel-fotografie.de\/wp2\/impressum\/#primaryimage"},"image":{"@id":"http:\/\/www.eel-fotografie.de\/wp2\/impressum\/#primaryimage"},"thumbnailUrl":"http:\/\/www.eel-fotografie.de\/wp2\/wp-content\/uploads\/impressum.jpg","datePublished":"2013-07-31T16:42:29+00:00","dateModified":"2017-11-01T08:54:55+00:00","description":"Impressum, Inhaltliche Verantwortung f\u00fcr eel-fotografie | bildagentur","breadcrumb":{"@id":"http:\/\/www.eel-fotografie.de\/wp2\/impressum\/#breadcrumb"},"inLanguage":"de","potentialAction":[{"@type":"ReadAction","target":["http:\/\/www.eel-fotografie.de\/wp2\/impressum\/"]}]},{"@type":"ImageObject","inLanguage":"de","@id":"http:\/\/www.eel-fotografie.de\/wp2\/impressum\/#primaryimage","url":"http:\/\/www.eel-fotografie.de\/wp2\/wp-content\/uploads\/impressum.jpg","contentUrl":"http:\/\/www.eel-fotografie.de\/wp2\/wp-content\/uploads\/impressum.jpg","width":263,"height":451,"caption":"eel-fotografie|fotografie - bildagentur"},{"@type":"BreadcrumbList","@id":"http:\/\/www.eel-fotografie.de\/wp2\/impressum\/#breadcrumb","itemListElement":[{"@type":"ListItem","position":1,"name":"Home","item":"https:\/\/www.eel-fotografie.de\/wp2\/"},{"@type":"ListItem","position":2,"name":"Impressum"}]},{"@type":"WebSite","@id":"https:\/\/www.eel-fotografie.de\/wp2\/#website","url":"https:\/\/www.eel-fotografie.de\/wp2\/","name":"eel-fotografie","description":"fotografie - bildagentur","publisher":{"@id":"https:\/\/www.eel-fotografie.de\/wp2\/#organization"},"potentialAction":[{"@type":"SearchAction","target":{"@type":"EntryPoint","urlTemplate":"https:\/\/www.eel-fotografie.de\/wp2\/?s={search_term_string}"},"query-input":{"@type":"PropertyValueSpecification","valueRequired":true,"valueName":"search_term_string"}}],"inLanguage":"de"},{"@type":"Organization","@id":"https:\/\/www.eel-fotografie.de\/wp2\/#organization","name":"eel-fotografie | fotografie - bildagentur","url":"https:\/\/www.eel-fotografie.de\/wp2\/","logo":{"@type":"ImageObject","inLanguage":"de","@id":"https:\/\/www.eel-fotografie.de\/wp2\/#\/schema\/logo\/image\/","url":"http:\/\/www.eel-fotografie.de\/wp2\/wp-content\/uploads\/eel-fotografie_logo_2_500x250.png","contentUrl":"http:\/\/www.eel-fotografie.de\/wp2\/wp-content\/uploads\/eel-fotografie_logo_2_500x250.png","width":500,"height":254,"caption":"eel-fotografie | fotografie - bildagentur"},"image":{"@id":"https:\/\/www.eel-fotografie.de\/wp2\/#\/schema\/logo\/image\/"},"sameAs":["https:\/\/www.instagram.com\/eelfotografie\/"]}]}},"_links":{"self":[{"href":"http:\/\/www.eel-fotografie.de\/wp2\/wp-json\/wp\/v2\/pages\/8276","targetHints":{"allow":["GET"]}}],"collection":[{"href":"http:\/\/www.eel-fotografie.de\/wp2\/wp-json\/wp\/v2\/pages"}],"about":[{"href":"http:\/\/www.eel-fotografie.de\/wp2\/wp-json\/wp\/v2\/types\/page"}],"author":[{"embeddable":true,"href":"http:\/\/www.eel-fotografie.de\/wp2\/wp-json\/wp\/v2\/users\/1"}],"replies":[{"embeddable":true,"href":"http:\/\/www.eel-fotografie.de\/wp2\/wp-json\/wp\/v2\/comments?post=8276"}],"version-history":[{"count":0,"href":"http:\/\/www.eel-fotografie.de\/wp2\/wp-json\/wp\/v2\/pages\/8276\/revisions"}],"wp:attachment":[{"href":"http:\/\/www.eel-fotografie.de\/wp2\/wp-json\/wp\/v2\/media?parent=8276"}],"curies":[{"name":"wp","href":"https:\/\/api.w.org\/{rel}","templated":true}]}}

<h2><img decoding="async" class="alignright size-full" src="http://www.eel-fotografie.de/wp2/wp-content/uploads/impressum.jpg" alt="impressum">eel-fotografie</h2>
<p style="text-align: justify;">fotografie-bildagentur</p>
<p style="text-align: justify;">Inhaltlich Verantwortlicher<br />
gemäß § 5 TMG und § 55 RStV:</p>
<p style="text-align: justify;">Eberhard Krieger<br />
Brandenburger Str.12<br />
65824 Schwalbach</p>
<p style="text-align: justify;">St.IdNr. 046 839 04639</p>
<p style="text-align: justify;">mail: info(at)eel-fotografie.de<br />
mobil: +491629350079</p>
<h2 style="text-align: justify;">Konzept / Realisierung</h2>
<p style="text-align: justify;">eel-fotografie</p>
<h2 style="text-align: justify;">Copyrights</h2>
<p style="text-align: justify;">Alle Inhalte und Fotos dieser Internetseite unterliegen dem Urheberrecht. Die Rechte liegen beim Fotografen und/oder der Personen, welche auf den Fotos abgebildet sind. Eine Vervielfältigung, Reproduktion oder Widergabe der Inhalte der auf diesen Seiten Veröffentlichten Fotos ist nur mit ausdrücklicher Genehmigung des Seitenbetreibers gestattet. Zuwiderhandlungen werden anwaltlich verfolgt.</p>
<h2 style="text-align: justify;">Haftungshinweis</h2>
<p style="text-align: justify;">Trotz sorgfältiger Inhaltlicher Kontrolle, übernimmt <strong>eel-fotografie</strong> keine Haftung für die Inhalte externer Links. Für Inhalte externer Links sind ausschließlich deren Betreiber verantwortlich.</p>

<p>eel-fotografie fotografie-bildagentur Inhaltlich Verantwortlicher gemäß § 5 TMG und § 55 RStV: Eberhard Krieger Brandenburger Str.12 65824 Schwalbach St.IdNr. 046 839 04639 mail: info(at)eel-fotografie.de mobil: +491629350079 Konzept / Realisierung eel-fotografie Copyrights Alle Inhalte und Fotos dieser Internetseite unterliegen dem Urheberrecht. Die Rechte liegen beim Fotografen und/oder der Personen, welche auf den Fotos abgebildet sind. Eine [&hellip;]</p>

<!-- This site is optimized with the Yoast SEO plugin v26.5 - https://yoast.com/wordpress/plugins/seo/ -->
<title>Impressum - eel-fotografie | fotografie - bildagentur</title>
<meta name="description" content="Impressum, Inhaltliche Verantwortung für eel-fotografie | bildagentur" />
<meta name="robots" content="index, follow, max-snippet:-1, max-image-preview:large, max-video-preview:-1" />
<link rel="canonical" href="http://www.eel-fotografie.de/wp2/impressum/" />
<meta name="twitter:label1" content="Geschätzte Lesezeit" />
	<meta name="twitter:data1" content="1 Minute" />
<script type="application/ld+json" class="yoast-schema-graph">{"@context":"https://schema.org","@graph":[{"@type":"WebPage","@id":"http://www.eel-fotografie.de/wp2/impressum/","url":"http://www.eel-fotografie.de/wp2/impressum/","name":"Impressum - eel-fotografie | fotografie - bildagentur","isPartOf":{"@id":"https://www.eel-fotografie.de/wp2/#website"},"primaryImageOfPage":{"@id":"http://www.eel-fotografie.de/wp2/impressum/#primaryimage"},"image":{"@id":"http://www.eel-fotografie.de/wp2/impressum/#primaryimage"},"thumbnailUrl":"http://www.eel-fotografie.de/wp2/wp-content/uploads/impressum.jpg","datePublished":"2013-07-31T16:42:29+00:00","dateModified":"2017-11-01T08:54:55+00:00","description":"Impressum, Inhaltliche Verantwortung für eel-fotografie | bildagentur","breadcrumb":{"@id":"http://www.eel-fotografie.de/wp2/impressum/#breadcrumb"},"inLanguage":"de","potentialAction":[{"@type":"ReadAction","target":["http://www.eel-fotografie.de/wp2/impressum/"]}]},{"@type":"ImageObject","inLanguage":"de","@id":"http://www.eel-fotografie.de/wp2/impressum/#primaryimage","url":"http://www.eel-fotografie.de/wp2/wp-content/uploads/impressum.jpg","contentUrl":"http://www.eel-fotografie.de/wp2/wp-content/uploads/impressum.jpg","width":263,"height":451,"caption":"eel-fotografie|fotografie - bildagentur"},{"@type":"BreadcrumbList","@id":"http://www.eel-fotografie.de/wp2/impressum/#breadcrumb","itemListElement":[{"@type":"ListItem","position":1,"name":"Home","item":"https://www.eel-fotografie.de/wp2/"},{"@type":"ListItem","position":2,"name":"Impressum"}]},{"@type":"WebSite","@id":"https://www.eel-fotografie.de/wp2/#website","url":"https://www.eel-fotografie.de/wp2/","name":"eel-fotografie","description":"fotografie - bildagentur","publisher":{"@id":"https://www.eel-fotografie.de/wp2/#organization"},"potentialAction":[{"@type":"SearchAction","target":{"@type":"EntryPoint","urlTemplate":"https://www.eel-fotografie.de/wp2/?s={search_term_string}"},"query-input":{"@type":"PropertyValueSpecification","valueRequired":true,"valueName":"search_term_string"}}],"inLanguage":"de"},{"@type":"Organization","@id":"https://www.eel-fotografie.de/wp2/#organization","name":"eel-fotografie | fotografie - bildagentur","url":"https://www.eel-fotografie.de/wp2/","logo":{"@type":"ImageObject","inLanguage":"de","@id":"https://www.eel-fotografie.de/wp2/#/schema/logo/image/","url":"http://www.eel-fotografie.de/wp2/wp-content/uploads/eel-fotografie_logo_2_500x250.png","contentUrl":"http://www.eel-fotografie.de/wp2/wp-content/uploads/eel-fotografie_logo_2_500x250.png","width":500,"height":254,"caption":"eel-fotografie | fotografie - bildagentur"},"image":{"@id":"https://www.eel-fotografie.de/wp2/#/schema/logo/image/"},"sameAs":["https://www.instagram.com/eelfotografie/"]}]}</script>
<!-- / Yoast SEO plugin. -->

Impressum, Inhaltliche Verantwortung für eel-fotografie | bildagentur
